{"id":191,"date":"2023-01-06T03:55:45","date_gmt":"2023-01-06T03:55:45","guid":{"rendered":"https:\/\/gaviaspreview.com\/wp\/gowilds\/?page_id=191"},"modified":"2026-04-28T14:40:09","modified_gmt":"2026-04-28T14:40:09","slug":"destination-02","status":"publish","type":"page","link":"https:\/\/iupap.es\/","title":{"rendered":"Inicio"},"content":{"rendered":"\t\t<div data-elementor-type=\"wp-page\" data-elementor-id=\"191\" class=\"elementor elementor-191\">\n\t\t\t\t\t\t<section class=\"elementor-section elementor-top-section elementor-element elementor-element-8959bf4 elementor-section-boxed elementor-section-height-default elementor-section-height-default\" data-id=\"8959bf4\" data-element_type=\"section\" data-e-type=\"section\" data-settings=\"{&quot;background_background&quot;:&quot;slideshow&quot;,&quot;background_slideshow_gallery&quot;:[{&quot;id&quot;:629,&quot;url&quot;:&quot;https:\\\/\\\/iupap.es\\\/wp-content\\\/uploads\\\/2025\\\/03\\\/pexels-pixabay-35016-6-scaled.jpg&quot;},{&quot;id&quot;:630,&quot;url&quot;:&quot;https:\\\/\\\/iupap.es\\\/wp-content\\\/uploads\\\/2025\\\/03\\\/pexels-pixabay-35533-4.jpg&quot;}],&quot;background_slideshow_loop&quot;:&quot;yes&quot;,&quot;background_slideshow_slide_duration&quot;:5000,&quot;background_slideshow_slide_transition&quot;:&quot;fade&quot;,&quot;background_slideshow_transition_duration&quot;:500}\">\n\t\t\t\t\t\t<div class=\"elementor-container elementor-column-gap-default\">\n\t\t\t\t\t<div class=\"elementor-column elementor-col-100 elementor-top-column elementor-element elementor-element-e529249\" data-id=\"e529249\" data-element_type=\"column\" data-e-type=\"column\">\n\t\t\t<div class=\"elementor-widget-wrap elementor-element-populated\">\n\t\t\t\t\t\t<div class=\"elementor-element elementor-element-f39a656 elementor-widget elementor-widget-gva-heading-block\" data-id=\"f39a656\" data-element_type=\"widget\" data-e-type=\"widget\" data-widget_type=\"gva-heading-block.default\">\n\t\t\t\t<div class=\"elementor-widget-container\">\n\t\t\t\t\t<div class=\"gva-element-gva-heading-block gva-element\">   <div class=\"align-center style-1 widget gsc-heading box-align-left auto-responsive\">\r\n      <div class=\"content-inner\">\r\n         \r\n                  \r\n           \r\n         \r\n                     <h2 class=\"title\">\r\n               <span>\u00bfQu\u00e9 es la IUPAP?<\/span>\r\n            <\/h2>\r\n                  \r\n         \r\n         \r\n      <\/div>\r\n   <\/div>\r\n<\/div>\t\t\t\t<\/div>\n\t\t\t\t<\/div>\n\t\t\t\t\t<\/div>\n\t\t<\/div>\n\t\t\t\t\t<\/div>\n\t\t<\/section>\n\t\t\t\t<section class=\"elementor-section elementor-top-section elementor-element elementor-element-30c1a86 elementor-section-boxed elementor-section-height-default elementor-section-height-default\" data-id=\"30c1a86\" data-element_type=\"section\" data-e-type=\"section\">\n\t\t\t\t\t\t<div class=\"elementor-container elementor-column-gap-default\">\n\t\t\t\t\t<div class=\"elementor-column elementor-col-100 elementor-top-column elementor-element elementor-element-c15c283\" data-id=\"c15c283\" data-element_type=\"column\" data-e-type=\"column\">\n\t\t\t<div class=\"elementor-widget-wrap elementor-element-populated\">\n\t\t\t\t\t\t<div class=\"elementor-element elementor-element-be694db elementor-widget elementor-widget-image\" data-id=\"be694db\" data-element_type=\"widget\" data-e-type=\"widget\" data-widget_type=\"image.default\">\n\t\t\t\t<div class=\"elementor-widget-container\">\n\t\t\t\t\t\t\t\t\t\t\t\t\t\t\t<img fetchpriority=\"high\" decoding=\"async\" width=\"738\" height=\"117\" src=\"https:\/\/iupap.es\/wp-content\/uploads\/2025\/04\/logo2.jpeg\" class=\"attachment-large size-large wp-image-809\" alt=\"\" \/>\t\t\t\t\t\t\t\t\t\t\t\t\t\t\t<\/div>\n\t\t\t\t<\/div>\n\t\t\t\t\t<\/div>\n\t\t<\/div>\n\t\t\t\t\t<\/div>\n\t\t<\/section>\n\t\t\t\t<section class=\"elementor-section elementor-top-section elementor-element elementor-element-65a2360 elementor-section-boxed elementor-section-height-default elementor-section-height-default\" data-id=\"65a2360\" data-element_type=\"section\" data-e-type=\"section\">\n\t\t\t\t\t\t<div class=\"elementor-container elementor-column-gap-default\">\n\t\t\t\t\t<div class=\"elementor-column elementor-col-100 elementor-top-column elementor-element elementor-element-adbbaed\" data-id=\"adbbaed\" data-element_type=\"column\" data-e-type=\"column\">\n\t\t\t<div class=\"elementor-widget-wrap elementor-element-populated\">\n\t\t\t\t\t\t<div class=\"elementor-element elementor-element-6c0a524 elementor-widget elementor-widget-text-editor\" data-id=\"6c0a524\" data-element_type=\"widget\" data-e-type=\"widget\" data-widget_type=\"text-editor.default\">\n\t\t\t\t<div class=\"elementor-widget-container\">\n\t\t\t\t\t\t\t\t\t<p>La Uni\u00f3n Internacional de F\u00edsica Pura y Aplicada (IUPAP) ha anunciado la apertura del plazo para la presentaci\u00f3n de candidaturas a sus distintos premios y medallas, que incluyen los galardones para j\u00f3venes investigadores (Early Career Scientist Prizes).<\/p><p>De acuerdo con la normativa de la organizaci\u00f3n, no se admiten auto-nominaciones. Las propuestas deben ser formalizadas por una tercera persona o entidad, como investigadores principales, directores de departamento o grupos especializados.<\/p><p>Los plazos de presentaci\u00f3n y los requisitos espec\u00edficos var\u00edan en funci\u00f3n de cada Comisi\u00f3n Cient\u00edfica. Todos los detalles de las convocatorias vigentes se pueden consultar en el portal oficial de la organizaci\u00f3n:<\/p><p style=\"text-align: center;\"><img decoding=\"async\" class=\"emoji\" role=\"img\" draggable=\"false\" src=\"https:\/\/s.w.org\/images\/core\/emoji\/17.0.2\/svg\/1f449.svg\" alt=\"\ud83d\udc49\" \/>\u00a0*<a href=\"https:\/\/iupap.org\/awards\/calls-for-nominations\/\">Informaci\u00f3n y convocatorias IUPAP<\/a>*<\/p>\t\t\t\t\t\t\t\t<\/div>\n\t\t\t\t<\/div>\n\t\t\t\t\t<\/div>\n\t\t<\/div>\n\t\t\t\t\t<\/div>\n\t\t<\/section>\n\t\t\t\t<section class=\"elementor-section elementor-top-section elementor-element elementor-element-5d1e003 elementor-section-boxed elementor-section-height-default elementor-section-height-default\" data-id=\"5d1e003\" data-element_type=\"section\" data-e-type=\"section\">\n\t\t\t\t\t\t<div class=\"elementor-container elementor-column-gap-default\">\n\t\t\t\t\t<div class=\"elementor-column elementor-col-100 elementor-top-column elementor-element elementor-element-ea04fc6\" data-id=\"ea04fc6\" data-element_type=\"column\" data-e-type=\"column\">\n\t\t\t<div class=\"elementor-widget-wrap elementor-element-populated\">\n\t\t\t\t\t\t<div class=\"elementor-element elementor-element-08a87b7 elementor-widget-divider--view-line elementor-widget elementor-widget-divider\" data-id=\"08a87b7\" data-element_type=\"widget\" data-e-type=\"widget\" data-widget_type=\"divider.default\">\n\t\t\t\t<div class=\"elementor-widget-container\">\n\t\t\t\t\t\t\t<div class=\"elementor-divider\">\n\t\t\t<span class=\"elementor-divider-separator\">\n\t\t\t\t\t\t<\/span>\n\t\t<\/div>\n\t\t\t\t\t\t<\/div>\n\t\t\t\t<\/div>\n\t\t\t\t\t<\/div>\n\t\t<\/div>\n\t\t\t\t\t<\/div>\n\t\t<\/section>\n\t\t\t\t<section class=\"elementor-section elementor-top-section elementor-element elementor-element-90380e2 elementor-section-boxed elementor-section-height-default elementor-section-height-default\" data-id=\"90380e2\" data-element_type=\"section\" data-e-type=\"section\">\n\t\t\t\t\t\t<div class=\"elementor-container elementor-column-gap-default\">\n\t\t\t\t\t<div class=\"elementor-column elementor-col-100 elementor-top-column elementor-element elementor-element-277f8cf\" data-id=\"277f8cf\" data-element_type=\"column\" data-e-type=\"column\">\n\t\t\t<div class=\"elementor-widget-wrap elementor-element-populated\">\n\t\t\t\t\t\t<div class=\"elementor-element elementor-element-046c759 elementor-widget elementor-widget-text-editor\" data-id=\"046c759\" data-element_type=\"widget\" data-e-type=\"widget\" data-widget_type=\"text-editor.default\">\n\t\t\t\t<div class=\"elementor-widget-container\">\n\t\t\t\t\t\t\t\t\t<h3>PR\u00d3XIMOS EVENTOS<\/h3><p>\u00a0<\/p>\t\t\t\t\t\t\t\t<\/div>\n\t\t\t\t<\/div>\n\t\t\t\t\t<\/div>\n\t\t<\/div>\n\t\t\t\t\t<\/div>\n\t\t<\/section>\n\t\t\t\t<section class=\"elementor-section elementor-top-section elementor-element elementor-element-d066b4a elementor-section-boxed elementor-section-height-default elementor-section-height-default\" data-id=\"d066b4a\" data-element_type=\"section\" data-e-type=\"section\">\n\t\t\t\t\t\t<div class=\"elementor-container elementor-column-gap-default\">\n\t\t\t\t\t<div class=\"elementor-column elementor-col-100 elementor-top-column elementor-element elementor-element-4817a63\" data-id=\"4817a63\" data-element_type=\"column\" data-e-type=\"column\">\n\t\t\t<div class=\"elementor-widget-wrap elementor-element-populated\">\n\t\t\t\t\t\t<div class=\"elementor-element elementor-element-e7363c8 elementor-widget-divider--view-line elementor-widget elementor-widget-divider\" data-id=\"e7363c8\" data-element_type=\"widget\" data-e-type=\"widget\" data-widget_type=\"divider.default\">\n\t\t\t\t<div class=\"elementor-widget-container\">\n\t\t\t\t\t\t\t<div class=\"elementor-divider\">\n\t\t\t<span class=\"elementor-divider-separator\">\n\t\t\t\t\t\t<\/span>\n\t\t<\/div>\n\t\t\t\t\t\t<\/div>\n\t\t\t\t<\/div>\n\t\t\t\t\t<\/div>\n\t\t<\/div>\n\t\t\t\t\t<\/div>\n\t\t<\/section>\n\t\t\t\t<section class=\"elementor-section elementor-top-section elementor-element elementor-element-9a1ba2c elementor-section-boxed elementor-section-height-default elementor-section-height-default\" data-id=\"9a1ba2c\" data-element_type=\"section\" data-e-type=\"section\">\n\t\t\t\t\t\t<div class=\"elementor-container elementor-column-gap-default\">\n\t\t\t\t\t<div class=\"elementor-column elementor-col-50 elementor-top-column elementor-element elementor-element-380f98d\" data-id=\"380f98d\" data-element_type=\"column\" data-e-type=\"column\">\n\t\t\t<div class=\"elementor-widget-wrap elementor-element-populated\">\n\t\t\t\t\t\t<div class=\"elementor-element elementor-element-1960dea elementor-widget elementor-widget-text-editor\" data-id=\"1960dea\" data-element_type=\"widget\" data-e-type=\"widget\" data-widget_type=\"text-editor.default\">\n\t\t\t\t<div class=\"elementor-widget-container\">\n\t\t\t\t\t\t\t\t\t<p><strong>Conoce la Uni\u00f3n Internacional de F\u00edsica Pura y Aplicada<\/strong><\/p><p>IUPAP es una organizaci\u00f3n no gubernamental y sin \u00e1nimo de lucro cuyo objetivo consiste en unir a los f\u00edsicos de todo el mundo y propiciar el desarrollo de la f\u00edsica pura y aplicada.<br \/>IUPAP surgi\u00f3 en respuesta a la exigencia de una estandarizaci\u00f3n internacional en F\u00edsica, estableciendo dicha estandarizaci\u00f3n en cuanto a pesos, medidas, nombres y s\u00edmbolos se refiere, contribuyendo as\u00ed al continuado bienestar de la F\u00edsica.<\/p><p>IUPAP es la autoridad mundial reconocida en cuanto a la nomenclatura f\u00edsica, tecnolog\u00eda, s\u00edmbolos, unidades, pesos at\u00f3micos y otros temas relacionados. IUPAP aconseja sobre materias f\u00edsicas a agencias internacionales tales como la Organizaci\u00f3n Mundial de la Salud (OMS), la Organizaci\u00f3n Alimentaria y Agr\u00edcola de la ONU, la Organizaci\u00f3n de Naciones Unidas para la Educaci\u00f3n, la Ciencia y la Cultura (UNESCO), la Organizaci\u00f3n Internacional para la Estandarizaci\u00f3n, y Organisation Internationale de M\u00e9trologie L\u00e9gale.<\/p>\t\t\t\t\t\t\t\t<\/div>\n\t\t\t\t<\/div>\n\t\t\t\t\t<\/div>\n\t\t<\/div>\n\t\t\t\t<div class=\"elementor-column elementor-col-50 elementor-top-column elementor-element elementor-element-bf40f06\" data-id=\"bf40f06\" data-element_type=\"column\" data-e-type=\"column\">\n\t\t\t<div class=\"elementor-widget-wrap elementor-element-populated\">\n\t\t\t\t\t\t<div class=\"elementor-element elementor-element-1d296de elementor-widget elementor-widget-image\" data-id=\"1d296de\" data-element_type=\"widget\" data-e-type=\"widget\" data-widget_type=\"image.default\">\n\t\t\t\t<div class=\"elementor-widget-container\">\n\t\t\t\t\t\t\t\t\t\t\t\t\t\t\t\t<a href=\"https:\/\/iupap.org\/\" target=\"_blank\">\n\t\t\t\t\t\t\t<img decoding=\"async\" width=\"662\" height=\"440\" src=\"https:\/\/iupap.es\/wp-content\/uploads\/2025\/04\/logo1.jpeg\" class=\"attachment-large size-large wp-image-808\" alt=\"\" \/>\t\t\t\t\t\t\t\t<\/a>\n\t\t\t\t\t\t\t\t\t\t\t\t\t\t\t<\/div>\n\t\t\t\t<\/div>\n\t\t\t\t\t<\/div>\n\t\t<\/div>\n\t\t\t\t\t<\/div>\n\t\t<\/section>\n\t\t\t\t<section class=\"elementor-section elementor-top-section elementor-element elementor-element-ea61232 elementor-section-boxed elementor-section-height-default elementor-section-height-default\" data-id=\"ea61232\" data-element_type=\"section\" data-e-type=\"section\">\n\t\t\t\t\t\t<div class=\"elementor-container elementor-column-gap-default\">\n\t\t\t\t\t<div class=\"elementor-column elementor-col-100 elementor-top-column elementor-element elementor-element-9269d49\" data-id=\"9269d49\" data-element_type=\"column\" data-e-type=\"column\">\n\t\t\t<div class=\"elementor-widget-wrap\">\n\t\t\t\t\t\t\t<\/div>\n\t\t<\/div>\n\t\t\t\t\t<\/div>\n\t\t<\/section>\n\t\t\t\t<\/div>\n\t\t","protected":false},"excerpt":{"rendered":"<p>\u00bfQu\u00e9 es la IUPAP? La Uni\u00f3n Internacional de F\u00edsica Pura y Aplicada (IUPAP) ha anunciado la apertura del plazo para la presentaci\u00f3n de candidaturas a sus distintos premios y medallas, [&hellip;]<\/p>\n","protected":false},"author":1,"featured_media":0,"parent":0,"menu_order":0,"comment_status":"closed","ping_status":"closed","template":"","meta":{"footnotes":""},"class_list":["post-191","page","type-page","status-publish","hentry"],"_links":{"self":[{"href":"https:\/\/iupap.es\/index.php?rest_route=\/wp\/v2\/pages\/191","targetHints":{"allow":["GET"]}}],"collection":[{"href":"https:\/\/iupap.es\/index.php?rest_route=\/wp\/v2\/pages"}],"about":[{"href":"https:\/\/iupap.es\/index.php?rest_route=\/wp\/v2\/types\/page"}],"author":[{"embeddable":true,"href":"https:\/\/iupap.es\/index.php?rest_route=\/wp\/v2\/users\/1"}],"replies":[{"embeddable":true,"href":"https:\/\/iupap.es\/index.php?rest_route=%2Fwp%2Fv2%2Fcomments&post=191"}],"version-history":[{"count":35,"href":"https:\/\/iupap.es\/index.php?rest_route=\/wp\/v2\/pages\/191\/revisions"}],"predecessor-version":[{"id":960,"href":"https:\/\/iupap.es\/index.php?rest_route=\/wp\/v2\/pages\/191\/revisions\/960"}],"wp:attachment":[{"href":"https:\/\/iupap.es\/index.php?rest_route=%2Fwp%2Fv2%2Fmedia&parent=191"}],"curies":[{"name":"wp","href":"https:\/\/api.w.org\/{rel}","templated":true}]}}