{"id":37,"date":"2022-12-19T02:32:04","date_gmt":"2022-12-19T02:32:04","guid":{"rendered":"https:\/\/gaviaspreview.com\/wp\/gowilds\/?page_id=37"},"modified":"2025-05-27T14:36:12","modified_gmt":"2025-05-27T14:36:12","slug":"tours-page","status":"publish","type":"page","link":"https:\/\/iupap.es\/?page_id=37","title":{"rendered":"Comisiones"},"content":{"rendered":"\t\t<div data-elementor-type=\"wp-page\" data-elementor-id=\"37\" class=\"elementor elementor-37\">\n\t\t\t\t\t\t<section class=\"elementor-section elementor-top-section elementor-element elementor-element-d0188a8 elementor-section-boxed elementor-section-height-default elementor-section-height-default\" data-id=\"d0188a8\" data-element_type=\"section\" data-e-type=\"section\" data-settings=\"{&quot;background_background&quot;:&quot;slideshow&quot;,&quot;background_slideshow_gallery&quot;:[{&quot;id&quot;:532,&quot;url&quot;:&quot;https:\\\/\\\/iupap.es\\\/wp-content\\\/uploads\\\/2025\\\/03\\\/pexels-pixabay-35016-4-scaled.jpg&quot;},{&quot;id&quot;:533,&quot;url&quot;:&quot;https:\\\/\\\/iupap.es\\\/wp-content\\\/uploads\\\/2025\\\/03\\\/pexels-pixabay-35533-2.jpg&quot;}],&quot;background_slideshow_loop&quot;:&quot;yes&quot;,&quot;background_slideshow_slide_duration&quot;:5000,&quot;background_slideshow_slide_transition&quot;:&quot;fade&quot;,&quot;background_slideshow_transition_duration&quot;:500}\">\n\t\t\t\t\t\t<div class=\"elementor-container elementor-column-gap-default\">\n\t\t\t\t\t<div class=\"elementor-column elementor-col-100 elementor-top-column elementor-element elementor-element-4629001\" data-id=\"4629001\" data-element_type=\"column\" data-e-type=\"column\">\n\t\t\t<div class=\"elementor-widget-wrap elementor-element-populated\">\n\t\t\t\t\t\t<div class=\"elementor-element elementor-element-ac1d607 elementor-widget__width-initial elementor-widget elementor-widget-gva-heading-block\" data-id=\"ac1d607\" data-element_type=\"widget\" data-e-type=\"widget\" data-widget_type=\"gva-heading-block.default\">\n\t\t\t\t<div class=\"elementor-widget-container\">\n\t\t\t\t\t<div class=\"gva-element-gva-heading-block gva-element\">   <div class=\"align-center style-1 widget gsc-heading box-align-center auto-responsive\">\r\n      <div class=\"content-inner\">\r\n         \r\n                  \r\n           \r\n         \r\n                     <h2 class=\"title\">\r\n               <span>Comisiones<\/span>\r\n            <\/h2>\r\n                  \r\n         \r\n         \r\n      <\/div>\r\n   <\/div>\r\n<\/div>\t\t\t\t<\/div>\n\t\t\t\t<\/div>\n\t\t\t\t\t<\/div>\n\t\t<\/div>\n\t\t\t\t\t<\/div>\n\t\t<\/section>\n\t\t\t\t<section class=\"elementor-section elementor-top-section elementor-element elementor-element-8072bd4 elementor-section-boxed elementor-section-height-default elementor-section-height-default\" data-id=\"8072bd4\" data-element_type=\"section\" data-e-type=\"section\">\n\t\t\t\t\t\t<div class=\"elementor-container elementor-column-gap-default\">\n\t\t\t\t\t<div class=\"elementor-column elementor-col-100 elementor-top-column elementor-element elementor-element-6fe25cd\" data-id=\"6fe25cd\" data-element_type=\"column\" data-e-type=\"column\">\n\t\t\t<div class=\"elementor-widget-wrap elementor-element-populated\">\n\t\t\t\t\t\t\t<\/div>\n\t\t<\/div>\n\t\t\t\t\t<\/div>\n\t\t<\/section>\n\t\t\t\t<section class=\"elementor-section elementor-top-section elementor-element elementor-element-dfd2725 elementor-section-boxed elementor-section-height-default elementor-section-height-default\" data-id=\"dfd2725\" data-element_type=\"section\" data-e-type=\"section\">\n\t\t\t\t\t\t<div class=\"elementor-container elementor-column-gap-default\">\n\t\t\t\t\t<div class=\"elementor-column elementor-col-50 elementor-top-column elementor-element elementor-element-a792be1\" data-id=\"a792be1\" data-element_type=\"column\" data-e-type=\"column\" data-settings=\"{&quot;background_background&quot;:&quot;classic&quot;}\">\n\t\t\t<div class=\"elementor-widget-wrap elementor-element-populated\">\n\t\t\t\t\t\t<div class=\"elementor-element elementor-element-8e5a07c elementor-widget elementor-widget-spacer\" data-id=\"8e5a07c\" data-element_type=\"widget\" data-e-type=\"widget\" data-widget_type=\"spacer.default\">\n\t\t\t\t<div class=\"elementor-widget-container\">\n\t\t\t\t\t\t\t<div class=\"elementor-spacer\">\n\t\t\t<div class=\"elementor-spacer-inner\"><\/div>\n\t\t<\/div>\n\t\t\t\t\t\t<\/div>\n\t\t\t\t<\/div>\n\t\t\t\t\t<\/div>\n\t\t<\/div>\n\t\t\t\t<div class=\"elementor-column elementor-col-50 elementor-top-column elementor-element elementor-element-be302ff\" data-id=\"be302ff\" data-element_type=\"column\" data-e-type=\"column\">\n\t\t\t<div class=\"elementor-widget-wrap elementor-element-populated\">\n\t\t\t\t\t\t<div class=\"elementor-element elementor-element-4126cb3 elementor-widget__width-initial elementor-widget elementor-widget-text-editor\" data-id=\"4126cb3\" data-element_type=\"widget\" data-e-type=\"widget\" data-widget_type=\"text-editor.default\">\n\t\t\t\t<div class=\"elementor-widget-container\">\n\t\t\t\t\t\t\t\t\t<p>\u00a0<\/p><p>IUPAP es una asociaci\u00f3n de cuerpos, las Organizaciones Nacionales Adheridas, que representan a los f\u00edsicos de los diferentes pa\u00edses miembros. IUPAP se compone en la actualidad de m\u00e1s de 40 Organizaciones Nacionales Adheridas, entre ellas la Real Sociedad Espa\u00f1ola de F\u00edsica; adem\u00e1s cuenta con otros 14 pa\u00edses vinculados a la IUPAP en calidad de observadores.<br \/>Unos 1000 f\u00edsicos de todo el mundo, y de forma voluntaria, est\u00e1n vinculados en su trabajo con la labor de la IUPAP.<br \/>Estos f\u00edsicos desarrollan su trabajo en los comit\u00e9s y comisiones de la IUPAP: en la actualidad hay 20 comisiones que son las siguientes:<\/p>\t\t\t\t\t\t\t\t<\/div>\n\t\t\t\t<\/div>\n\t\t\t\t\t<\/div>\n\t\t<\/div>\n\t\t\t\t\t<\/div>\n\t\t<\/section>\n\t\t\t\t<section class=\"elementor-section elementor-top-section elementor-element elementor-element-7a25186 elementor-section-boxed elementor-section-height-default elementor-section-height-default\" data-id=\"7a25186\" data-element_type=\"section\" data-e-type=\"section\">\n\t\t\t\t\t\t<div class=\"elementor-container elementor-column-gap-default\">\n\t\t\t\t\t<div class=\"elementor-column elementor-col-100 elementor-top-column elementor-element elementor-element-ec8a42d\" data-id=\"ec8a42d\" data-element_type=\"column\" data-e-type=\"column\">\n\t\t\t<div class=\"elementor-widget-wrap elementor-element-populated\">\n\t\t\t\t\t\t<div class=\"elementor-element elementor-element-d6a23be elementor-widget elementor-widget-html\" data-id=\"d6a23be\" data-element_type=\"widget\" data-e-type=\"widget\" data-widget_type=\"html.default\">\n\t\t\t\t<div class=\"elementor-widget-container\">\n\t\t\t\t\t<table border=\"1\" cellspacing=\"0\" cellpadding=\"5\" style=\"width: 600px; margin: 0 auto; font-family: 'Open Sans', sans-serif; color: #333333;\">\r\n  <thead>\r\n    <!-- La fila de encabezado tendr\u00e1 fondo verde -->\r\n    <tr style=\"background-color: var(--e-global-color-primary);\">\r\n      <th>N\u00famero<\/th>\r\n      <th>Comisi\u00f3n<\/th>\r\n      <th>A\u00f1o<\/th>\r\n      <th>Web<\/th>\r\n    <\/tr>\r\n  <\/thead>\r\n  <tbody>\r\n    <tr>\r\n      <td style=\"background-color: var(--e-global-color-primary);\">C1<\/td>\r\n      <td>Comisi\u00f3n de Finanzas<\/td>\r\n      <td>1931<\/td>\r\n      <td style=\"text-align: center;\">\r\n        <a href=\"https:\/\/iupap.org\/who-we-are\/internal-organization\/commissions\/c1-commission-on-policy-and-finance-2\/\" target=\"_blank\" rel=\"noopener noreferrer\">\r\n          <img decoding=\"async\" src=\"https:\/\/iupap.es\/wp-content\/uploads\/2025\/03\/magnifying-glass-1093183_1280.png\" alt=\"Icono\" style=\"width:24px; height:24px;\">\r\n        <\/a>\r\n      <\/td>\r\n    <\/tr>\r\n    <tr>\r\n      <td style=\"background-color: var(--e-global-color-primary);\">C2<\/td>\r\n      <td>Comisi\u00f3n de S\u00edmbolos, Unidades, Nomenclatura, Masas At\u00f3micas y Constantes Fundamentales (SUNAMCO)<\/td>\r\n      <td>1931, 1978 <\/td>\r\n      <td style=\"text-align: center;\">\r\n        <a href=\"https:\/\/iupap.org\/who-we-are\/internal-organization\/commissions\/c2-commission-on-symbols-units-nomenclature-atomic-masses-and-fundamental-constants\/\" target=\"_blank\" rel=\"noopener noreferrer\">\r\n          <img decoding=\"async\" src=\"https:\/\/iupap.es\/wp-content\/uploads\/2025\/03\/magnifying-glass-1093183_1280.png\" alt=\"Icono\" style=\"width:24px; height:24px;\">\r\n        <\/a>\r\n      <\/td>\r\n    <\/tr>\r\n    <tr>\r\n      <td style=\"background-color: var(--e-global-color-primary);\">C3<\/td>\r\n      <td>Comisi\u00f3n de F\u00edsica Estad\u00edstica <\/td>\r\n      <td>1945, 1990 <\/td>\r\n      <td style=\"text-align: center;\">\r\n        <a href=\"https:\/\/iupap.org\/who-we-are\/internal-organization\/commissions\/c3-statistical-physics\/\" target=\"_blank\" rel=\"noopener noreferrer\">\r\n          <img decoding=\"async\" src=\"https:\/\/iupap.es\/wp-content\/uploads\/2025\/03\/magnifying-glass-1093183_1280.png\" alt=\"Icono\" style=\"width:24px; height:24px;\">\r\n        <\/a>\r\n      <\/td>\r\n    <\/tr>\r\n    <tr>\r\n      <td style=\"background-color: var(--e-global-color-primary);\">C4<\/td>\r\n      <td>Comisi\u00f3n de Rayos C\u00f3smicos <\/td>\r\n      <td>1947<\/td>\r\n      <td style=\"text-align: center;\">\r\n        <a href=\"https:\/\/iupap.org\/who-we-are\/internal-organization\/commissions\/c4-astroparticle-physics\/\" target=\"_blank\" rel=\"noopener noreferrer\">\r\n          <img decoding=\"async\" src=\"https:\/\/iupap.es\/wp-content\/uploads\/2025\/03\/magnifying-glass-1093183_1280.png\" alt=\"Icono\" style=\"width:24px; height:24px;\">\r\n        <\/a>\r\n      <\/td>\r\n    <\/tr>\r\n    <tr>\r\n      <td style=\"background-color: var(--e-global-color-primary);\">C5<\/td>\r\n      <td>Comisi\u00f3n de F\u00edsica de Bajas Temperaturas <\/td>\r\n      <td>1949<\/td>\r\n      <td style=\"text-align: center;\">\r\n        <a href=\"https:\/\/iupap.org\/who-we-are\/internal-organization\/commissions\/low-temperature-physics\/\" target=\"_blank\" rel=\"noopener noreferrer\">\r\n          <img decoding=\"async\" src=\"https:\/\/iupap.es\/wp-content\/uploads\/2025\/03\/magnifying-glass-1093183_1280.png\" alt=\"Icono\" style=\"width:24px; height:24px;\">\r\n        <\/a>\r\n      <\/td>\r\n    <\/tr>\r\n    <tr>\r\n      <td style=\"background-color: var(--e-global-color-primary);\">C6<\/td>\r\n      <td>Comisi\u00f3n de F\u00edsica Biol\u00f3gica  <\/td>\r\n      <td>1990 <\/td>\r\n      <td style=\"text-align: center;\">\r\n        <a href=\"https:\/\/iupap.org\/who-we-are\/internal-organization\/commissions\/biological-physics\/\" target=\"_blank\" rel=\"noopener noreferrer\">\r\n          <img decoding=\"async\" src=\"https:\/\/iupap.es\/wp-content\/uploads\/2025\/03\/magnifying-glass-1093183_1280.png\" alt=\"Icono\" style=\"width:24px; height:24px;\">\r\n        <\/a>\r\n      <\/td>\r\n    <\/tr>\r\n    <tr>\r\n      <td style=\"background-color: var(--e-global-color-primary);\">C8<\/td>\r\n      <td>Comisi\u00f3n de Semiconductores <\/td>\r\n      <td>1957 <\/td>\r\n      <td style=\"text-align: center;\">\r\n        <a href=\"https:\/\/iupap.org\/who-we-are\/internal-organization\/commissions\/c8-semiconductors\/\">\r\n          <img decoding=\"async\" src=\"https:\/\/iupap.es\/wp-content\/uploads\/2025\/03\/magnifying-glass-1093183_1280.png\" alt=\"Icono\" style=\"width:24px; height:24px;\">\r\n        <\/a>\r\n      <\/td>\r\n    <\/tr>\r\n    <tr>\r\n      <td style=\"background-color: var(--e-global-color-primary);\">C9<\/td>\r\n      <td>Comisi\u00f3n de Magnetismo <\/td>\r\n      <td>1957<\/td>\r\n      <td style=\"text-align: center;\">\r\n        <a href=\"https:\/\/iupap.org\/who-we-are\/internal-organization\/commissions\/c9-magnetism\/\" target=\"_blank\" rel=\"noopener noreferrer\">\r\n          <img decoding=\"async\" src=\"https:\/\/iupap.es\/wp-content\/uploads\/2025\/03\/magnifying-glass-1093183_1280.png\" alt=\"Icono\" style=\"width:24px; height:24px;\">\r\n        <\/a>\r\n      <\/td>\r\n    <\/tr>\r\n    <tr>\r\n      <td style=\"background-color: var(--e-global-color-primary);\">C10<\/td>\r\n      <td>Comisi\u00f3n de Estructura y Din\u00e1micas de Materiales Condensados <\/td>\r\n      <td>1960, 1981 <\/td>\r\n      <td style=\"text-align: center;\">\r\n        <a href=\"https:\/\/iupap.org\/who-we-are\/internal-organization\/commissions\/c10-structure-and-dynamics-of-condensed-matter\/\" target=\"_blank\" rel=\"noopener noreferrer\">\r\n          <img decoding=\"async\" src=\"https:\/\/iupap.es\/wp-content\/uploads\/2025\/03\/magnifying-glass-1093183_1280.png\" alt=\"Icono\" style=\"width:24px; height:24px;\">\r\n        <\/a>\r\n      <\/td>\r\n    <\/tr>\r\n    <tr>\r\n      <td style=\"background-color: var(--e-global-color-primary);\">C11<\/td>\r\n      <td>Comisi\u00f3n de Part\u00edculas y Campos <\/td>\r\n      <td>1957 <\/td>\r\n      <td style=\"text-align: center;\">\r\n        <a href=\"https:\/\/iupap.org\/who-we-are\/internal-organization\/commissions\/c11-particles-and-fields\/\" target=\"_blank\" rel=\"noopener noreferrer\">\r\n          <img decoding=\"async\" src=\"https:\/\/iupap.es\/wp-content\/uploads\/2025\/03\/magnifying-glass-1093183_1280.png\" alt=\"Icono\" style=\"width:24px; height:24px;\">\r\n        <\/a>\r\n      <\/td>\r\n    <\/tr>\r\n    <tr>\r\n      <td style=\"background-color: var(--e-global-color-primary);\">C12<\/td>\r\n      <td>Comisi\u00f3n de F\u00edsica Nuclear <\/td>\r\n      <td>1960<\/td>\r\n      <td style=\"text-align: center;\">\r\n        <a href=\"https:\/\/iupap.org\/who-we-are\/internal-organization\/commissions\/c12-commission-on-nuclear-physics\/\" target=\"_blank\" rel=\"noopener noreferrer\">\r\n          <img decoding=\"async\" src=\"https:\/\/iupap.es\/wp-content\/uploads\/2025\/03\/magnifying-glass-1093183_1280.png\" alt=\"Icono\" style=\"width:24px; height:24px;\">\r\n        <\/a>\r\n      <\/td>\r\n    <\/tr>\r\n    <tr>\r\n      <td style=\"background-color: var(--e-global-color-primary);\">C13<\/td>\r\n      <td>Comisi\u00f3n de Desarrollo de la F\u00edsica <\/td>\r\n      <td>1981 <\/td>\r\n      <td style=\"text-align: center;\">\r\n        <a href=\"https:\/\/iupap.org\/who-we-are\/internal-organization\/commissions\/c13-physics-for-development\/\" target=\"_blank\" rel=\"noopener noreferrer\">\r\n          <img decoding=\"async\" src=\"https:\/\/iupap.es\/wp-content\/uploads\/2025\/03\/magnifying-glass-1093183_1280.png\" alt=\"Icono\" style=\"width:24px; height:24px;\">\r\n        <\/a>\r\n      <\/td>\r\n    <\/tr>\r\n    <tr>\r\n      <td style=\"background-color: var(--e-global-color-primary);\">C14<\/td>\r\n      <td>Comisi\u00f3n de Ense\u00f1anza de la F\u00edsica <\/td>\r\n      <td>1960 <\/td>\r\n      <td style=\"text-align: center;\">\r\n        <a href=\"https:\/\/iupap.org\/who-we-are\/internal-organization\/commissions\/c14-physics-education\/\" target=\"_blank\" rel=\"noopener noreferrer\">\r\n          <img decoding=\"async\" src=\"https:\/\/iupap.es\/wp-content\/uploads\/2025\/03\/magnifying-glass-1093183_1280.png\" alt=\"Icono\" style=\"width:24px; height:24px;\">\r\n        <\/a>\r\n      <\/td>\r\n    <\/tr>\r\n    <tr>\r\n      <td style=\"background-color: var(--e-global-color-primary);\">C15<\/td>\r\n      <td>Comisi\u00f3n de F\u00edsica At\u00f3mica, Molecular y \u00d3ptica <\/td>\r\n      <td>1966, 1994, 1996 <\/td>\r\n      <td style=\"text-align: center;\">\r\n        <a href=\"https:\/\/iupap.org\/who-we-are\/internal-organization\/commissions\/c15-atomic-molecular-and-optical-physics\/\" target=\"_blank\" rel=\"noopener noreferrer\">\r\n          <img decoding=\"async\" src=\"https:\/\/iupap.es\/wp-content\/uploads\/2025\/03\/magnifying-glass-1093183_1280.png\" alt=\"Icono\" style=\"width:24px; height:24px;\">\r\n        <\/a>\r\n      <\/td>\r\n    <\/tr>\r\n    <tr>\r\n      <td style=\"background-color: var(--e-global-color-primary);\">C16<\/td>\r\n      <td>Comisi\u00f3n de F\u00edsica de Plasmas <\/td>\r\n      <td>1969 <\/td>\r\n      <td style=\"text-align: center;\">\r\n        <a href=\"https:\/\/iupap.org\/who-we-are\/internal-organization\/commissions\/c16-plasma-physics\/\" target=\"_blank\" rel=\"noopener noreferrer\">\r\n          <img decoding=\"async\" src=\"https:\/\/iupap.es\/wp-content\/uploads\/2025\/03\/magnifying-glass-1093183_1280.png\" alt=\"Icono\" style=\"width:24px; height:24px;\">\r\n        <\/a>\r\n      <\/td>\r\n    <\/tr>\r\n    <tr>\r\n      <td style=\"background-color: var(--e-global-color-primary);\">C17<\/td>\r\n      <td>Comisi\u00f3n de Electr\u00f3nica Cu\u00e1ntica <\/td>\r\n      <td>1975 <\/td>\r\n      <td style=\"text-align: center;\">\r\n        <a href=\"https:\/\/iupap.org\/who-we-are\/internal-organization\/commissions\/c17-laser-physics-and-photonics\/\" target=\"_blank\" rel=\"noopener noreferrer\">\r\n          <img decoding=\"async\" src=\"https:\/\/iupap.es\/wp-content\/uploads\/2025\/03\/magnifying-glass-1093183_1280.png\" alt=\"Icono\" style=\"width:24px; height:24px;\">\r\n        <\/a>\r\n      <\/td>\r\n    <\/tr>\r\n    <tr>\r\n      <td style=\"background-color: var(--e-global-color-primary)\">C18<\/td>\r\n      <td>Comisi\u00f3n de F\u00edsica Matem\u00e1tica <\/td>\r\n      <td>1981<\/td>\r\n      <td style=\"text-align: center;\">\r\n        <a href=\"https:\/\/iupap.org\/who-we-are\/internal-organization\/commissions\/c18-mathematical-physics\/\" target=\"_blank\" rel=\"noopener noreferrer\">\r\n          <img decoding=\"async\" src=\"https:\/\/iupap.es\/wp-content\/uploads\/2025\/03\/magnifying-glass-1093183_1280.png\" alt=\"Icono\" style=\"width:24px; height:24px;\">\r\n        <\/a>\r\n      <\/td>\r\n    <\/tr>\r\n    <tr>\r\n      <td style=\"background-color: var(--e-global-color-primary)\">C19<\/td>\r\n      <td>Comisi\u00f3n de Astrof\u00edsica <\/td>\r\n      <td>1984 <\/td>\r\n      <td style=\"text-align: center;\">\r\n        <a href=\"https:\/\/iupap.org\/who-we-are\/internal-organization\/commissions\/c19-astrophysics\/\" target=\"_blank\" rel=\"noopener noreferrer\">\r\n          <img decoding=\"async\" src=\"https:\/\/iupap.es\/wp-content\/uploads\/2025\/03\/magnifying-glass-1093183_1280.png\" alt=\"Icono\" style=\"width:24px; height:24px;\">\r\n        <\/a>\r\n      <\/td>\r\n    <\/tr>\r\n    <tr>\r\n      <td style=\"background-color: var(--e-global-color-primary);\">C20<\/td>\r\n      <td>Comisi\u00f3n de F\u00edsica Computacional  <\/td>\r\n      <td>1996 <\/td>\r\n      <td style=\"text-align: center;\">\r\n        <a href=\"https:\/\/iupap.org\/who-we-are\/internal-organization\/commissions\/c20-computational-physics\/\" target=\"_blank\" rel=\"noopener noreferrer\">\r\n          <img decoding=\"async\" src=\"https:\/\/iupap.es\/wp-content\/uploads\/2025\/03\/magnifying-glass-1093183_1280.png\" alt=\"Icono\" style=\"width:24px; height:24px;\">\r\n        <\/a>\r\n      <\/td>\r\n    <\/tr>\r\n  <\/tbody>\r\n<\/table>\r\n\t\t\t\t<\/div>\n\t\t\t\t<\/div>\n\t\t\t\t\t<\/div>\n\t\t<\/div>\n\t\t\t\t\t<\/div>\n\t\t<\/section>\n\t\t\t\t<section class=\"elementor-section elementor-top-section elementor-element elementor-element-322e9ec elementor-section-boxed elementor-section-height-default elementor-section-height-default\" data-id=\"322e9ec\" data-element_type=\"section\" data-e-type=\"section\">\n\t\t\t\t\t\t<div class=\"elementor-container elementor-column-gap-default\">\n\t\t\t\t\t<div class=\"elementor-column elementor-col-100 elementor-top-column elementor-element elementor-element-1d286b5\" data-id=\"1d286b5\" data-element_type=\"column\" data-e-type=\"column\">\n\t\t\t<div class=\"elementor-widget-wrap elementor-element-populated\">\n\t\t\t\t\t\t<div class=\"elementor-element elementor-element-86107f8 elementor-widget elementor-widget-text-editor\" data-id=\"86107f8\" data-element_type=\"widget\" data-e-type=\"widget\" data-widget_type=\"text-editor.default\">\n\t\t\t\t<div class=\"elementor-widget-container\">\n\t\t\t\t\t\t\t\t\t<p><span style=\"color: var(--e-global-color-text); font-family: var(--gowilds-font-sans-serif);\">En sus casi 80 a\u00f1os de existencia, IUPAP se ha convertido en una poderosa herramienta para la creaci\u00f3n de una comunidad de la f\u00edsica a nivel mundial, ayudando a los f\u00edsicos a superar las fronteras nacionales y mostrando c\u00f3mo los f\u00edsicos de todo el mundo pueden actuar como un aut\u00e9ntico equipo sean cuales sean las ideas y situaciones pol\u00edticas en sus pa\u00edses respectivos.<\/span><\/p>\t\t\t\t\t\t\t\t<\/div>\n\t\t\t\t<\/div>\n\t\t\t\t\t<\/div>\n\t\t<\/div>\n\t\t\t\t\t<\/div>\n\t\t<\/section>\n\t\t\t\t<\/div>\n\t\t","protected":false},"excerpt":{"rendered":"<p>Comisiones \u00a0 IUPAP es una asociaci\u00f3n de cuerpos, las Organizaciones Nacionales Adheridas, que representan a los f\u00edsicos de los diferentes pa\u00edses miembros. IUPAP se compone en la actualidad de m\u00e1s [&hellip;]<\/p>\n","protected":false},"author":1,"featured_media":0,"parent":0,"menu_order":0,"comment_status":"closed","ping_status":"closed","template":"","meta":{"footnotes":""},"class_list":["post-37","page","type-page","status-publish","hentry"],"_links":{"self":[{"href":"https:\/\/iupap.es\/index.php?rest_route=\/wp\/v2\/pages\/37","targetHints":{"allow":["GET"]}}],"collection":[{"href":"https:\/\/iupap.es\/index.php?rest_route=\/wp\/v2\/pages"}],"about":[{"href":"https:\/\/iupap.es\/index.php?rest_route=\/wp\/v2\/types\/page"}],"author":[{"embeddable":true,"href":"https:\/\/iupap.es\/index.php?rest_route=\/wp\/v2\/users\/1"}],"replies":[{"embeddable":true,"href":"https:\/\/iupap.es\/index.php?rest_route=%2Fwp%2Fv2%2Fcomments&post=37"}],"version-history":[{"count":61,"href":"https:\/\/iupap.es\/index.php?rest_route=\/wp\/v2\/pages\/37\/revisions"}],"predecessor-version":[{"id":914,"href":"https:\/\/iupap.es\/index.php?rest_route=\/wp\/v2\/pages\/37\/revisions\/914"}],"wp:attachment":[{"href":"https:\/\/iupap.es\/index.php?rest_route=%2Fwp%2Fv2%2Fmedia&parent=37"}],"curies":[{"name":"wp","href":"https:\/\/api.w.org\/{rel}","templated":true}]}}